rime factors of 3493.
7, 499
What are the prime factors of 1973?
1973
What are the prime factors of 20777?
79, 263
What are the prime factors of 27236?
2, 11, 619
List the prime factors of 369.
3, 41
List the prime factors of 178.
2, 89
What are the prime factors of 1509?
3, 503
What are the prime factors of 2976?
2, 3, 31
List the prime factors of 4257.
3, 11, 43
List the prime factors of 22025.
5, 881
List the prime factors of 96.
2, 3
What are the prime factors of 60567?
3, 13, 1553
What are the prime factors of 10551?
3, 3517
List the prime factors of 23645.
5, 4729
List the prime factors of 513.
3, 19
What are the prime factors of 12507?
3, 11, 379
List the prime factors of 148847.
73, 2039
What are the prime factors of 32481?
3, 401
List the prime factors of 157.
157
What are the prime factors of 2905?
5, 7, 83
What are the prime factors of 3538?
2, 29, 61
What are the prime factors of 125017?
125017
List the prime factors of 984.
2, 3, 41
What are the prime factors of 6896?
2, 431
What are the prime factors of 394?
2, 197
What are the prime factors of 11208?
2, 3, 467
List the prime factors of 13545.
3, 5, 7, 43
List the prime factors of 2851.
2851
List the prime factors of 40693.
40693
List the prime factors of 1199.
11, 109
List the prime factors of 317.
317
What are the prime factors of 3182?
2, 37, 43
What are the prime factors of 69061?
69061
List the prime factors of 16570.
2, 5, 1657
What are the prime factors of 10338?
2, 3, 1723
What are the prime factors of 165?
3, 5, 11
List the prime factors of 94782.
2, 3, 15797
List the prime factors of 22592.
2, 353
List the prime factors of 1624.
2, 7, 29
What are the prime factors of 3196?
2, 17, 47
List the prime factors of 6169.
31, 199
What are the prime factors of 224?
2, 7
What are the prime factors of 2077?
31, 67
What are the prime factors of 3513?
3, 1171
What are the prime factors of 6585?
3, 5, 439
What are the prime factors of 6000?
2, 3, 5
List the prime factors of 4521.
3, 11, 137
What are the prime factors of 20243?
31, 653
What are the prime factors of 602?
2, 7, 43
List the prime factors of 32531.
32531
List the prime factors of 7017.
3, 2339
What are the prime factors of 180061?
7, 29, 887
What are the prime factors of 1597?
1597
List the prime factors of 1217.
1217
What are the prime factors of 19880?
2, 5, 7, 71
List the prime factors of 12757.
12757
What are the prime factors of 1469?
13, 113
List the prime factors of 1906.
2, 953
What are the prime factors of 377?
13, 29
What are the prime factors of 36811?
131, 281
List the prime factors of 291.
3, 97
List the prime factors of 215.
5, 43
List the prime factors of 7796.
2, 1949
List the prime factors of 20355.
3, 5, 23, 59
List the prime factors of 46007.
13, 3539
What are the prime factors of 5510?
2, 5, 19, 29
List the prime factors of 10913.
7, 1559
What are the prime factors of 2556?
2, 3, 71
What are the prime factors of 372?
2, 3, 31
What are the prime factors of 48662?
2, 29, 839
What are the prime factors of 45037?
29, 1553
List the prime factors of 5018.
2, 13, 193
What are the prime factors of 1497?
3, 499
List the prime factors of 1757.
7, 251
What are the prime factors of 2523?
3, 29
List the prime factors of 466.
2, 233
List the prime factors of 676.
2, 13
List the prime factors of 11950.
2, 5, 239
List the prime factors of 66.
2, 3, 11
List the prime factors of 1070.
2, 5, 107
What are the prime factors of 1662?
2, 3, 277
List the prime factors of 670.
2, 5, 67
List the prime factors of 267.
3, 89
What are the prime factors of 1082?
2, 541
What are the prime factors of 14853?
3, 4951
What are the prime factors of 568?
2, 71
List the prime factors of 1882.
2, 941
What are the prime factors of 16209?
3, 1801
List the prime factors of 688.
2, 43
List the prime factors of 34134.
2, 3, 5689
What are the prime factors of 1689?
3, 563
List the prime factors of 1810.
2, 5, 181
List the prime factors of 3540.
2, 3, 5, 59
What are the prime factors of 272?
2, 17
List the prime factors of 69950.
2, 5, 1399
List the prime factors of 25872.
2, 3, 7, 11
What are the prime factors of 3137?
3137
What are the prime factors of 3052?
2, 7, 109
List the prime factors of 1628.
2, 11, 37
List the prime factors of 25131.
3, 8377
List the prime factors of 78220.
2, 5, 3911
List the prime factors of 8768.
2, 137
List the prime factors of 1103.
1103
What are the prime factors of 1193?
1193
List the prime factors of 3941.
7, 563
What are the prime factors of 31?
31
What are the prime factors of 1628?
2, 11, 37
List the prime factors of 3280.
2, 5, 41
List the prime factors of 502.
2, 251
List the prime factors of 9235.
5, 1847
What are the prime factors of 3311?
7, 11, 43
List the prime factors of 72383.
72383
What are the prime factors of 1778?
2, 7, 127
What are the prime factors of 70127?
23, 3049
List the prime factors of 26526.
2, 3, 4421
What are the prime factors of 38838?
2, 3, 6473
List the prime factors of 184942.
2, 89, 1039
List the prime factors of 22177.
67, 331
What are the prime factors of 1794?
2, 3, 13, 23
What are the prime factors of 75?
3, 5
List the prime factors of 222.
2, 3, 37
What are the prime factors of 4965?
3, 5, 331
List the prime factors of 4593.
3, 1531
List the prime factors of 6715.
5, 17, 79
What are the prime factors of 59827?
29, 2063
What are the prime factors of 3084?
2, 3, 257
What are the prime factors of 101652?
2, 3, 43, 197
List the prime factors of 9147.
3, 3049
What are the prime factors of 1616?
2, 101
List the prime factors of 14334.
2, 3, 2389
List the prime factors of 501.
3, 167
What are the prime factors of 30602?
2, 11, 13, 107
What are the prime factors of 5858?
2, 29, 101
What are the prime factors of 3912?
2, 3, 163
List the prime factors of 120.
2, 3, 5
List the prime factors of 15235.
5, 11, 277
What are the prime factors of 1369?
37
What are the prime factors of 302?
2, 151
List the prime factors of 97.
97
List the prime factors of 7424.
2, 29
What are the prime factors of 35204?
2, 13, 677
What are the prime factors of 1427?
1427
List the prime factors of 4458.
2, 3, 743
List the prime factors of 67197.
3, 13, 1723
List the prime factors of 1813.
7, 37
List the prime factors of 2014.
2, 19, 53
List the prime factors of 1250.
2, 5
List the prime factors of 1745.
5, 349
What are the prime factors of 38682?
2, 3, 7, 307
List the prime factors of 1312.
2, 41
List the prime factors of 17955.
3, 5, 7, 19
List the prime factors of 6072.
2, 3, 11, 23
List the prime factors of 19898.
2, 9949
List the prime factors of 529.
23
List the prime factors of 1241.
17, 73
What are the prime factors of 3067?
3067
List the prime factors of 40185.
3, 5, 19, 47
What are the prime factors of 536?
2, 67
List the prime factors of 60740.
2, 5, 3037
List the prime factors of 1012.
2, 11, 23
What are the prime factors of 10654?
2, 7, 761
What are the prime factors of 6607?
6607
What are the prime factors of 2186?
2, 1093
What are the prime factors of 981?
3, 109
List the prime factors of 25794.
2, 3, 1433
What are the prime factors of 6954?
2, 3, 19, 61
What are the prime factors of 2059?
29, 71
What are the prime factors of 2604?
2, 3, 7, 31
List the prime factors of 12604.
2, 23, 137
What are the prime factors of 4332?
2, 3, 19
What are the prime factors of 28707?
3, 7, 1367
List the prime factors of 1103.
1103
List the prime factors of 75946.
2, 13, 23, 127
List the prime factors of 84071.
13, 29, 223
List the prime factors of 5053.
31, 163
List the prime factors of 7392.
2, 3, 7, 11
List the prime factors of 51965.
5, 19, 547
What are the prime factors of 1116?
2, 3, 31
What are the prime factors of 41769?
3, 7, 13, 17
List the prime factors of 5769.
3, 641
List the prime factors of 8545.
5, 1709
List the prime factors of 145.
5, 29
What are the prime factors of 7795?
5, 1559
List the prime factors of 758.
2, 379
List the prime factors of 7716.
2, 3, 643
What are the prime factors of 69429?
3, 23143
List the prime factors of 48150.
2, 3, 5, 107
What are the prime factors of 16630?
2, 5, 1663
What are the prime factors of 37605?
3, 5, 23, 109
List the prime factors of 164276.
2, 7, 5867
What are the prime factors of 27137?
11, 2467
What are the prime factors of 1177?
11, 107
List the prim